f 72 and f?
9
Suppose -37*h + 1035 = -14*h. Calculate the highest common factor of h and 405.
45
Let o = -260 + 377. What is the greatest common factor of 13 and o?
13
Let d be -3 + 6/(-4)*-1*18. What is the highest common factor of 18 and d?
6
Suppose -4*o + 10 + 2 = 0, 2*o + 154 = 5*j. What is the greatest common factor of 4 and j?
4
Let m = 1 - -4. Suppose -5*g + 70 = m*b - b, 3*g - 5*b - 5 = 0. Calculate the greatest common divisor of 25 and g.
5
Let m = -1 - -4. Calculate the greatest common divisor of 3 and m.
3
Suppose 5*r - 3*k = -0*k + 315, -r + 3*k + 63 = 0. What is the greatest common divisor of r and 21?
21
Let n be (-6)/(-4)*210/9. What is the greatest common divisor of n and 5?
5
Let y be 9/(-6)*(-2 - 0). Suppose -y*c = 3*i - 60, 100 = 5*c - 2*i + 5*i. Let m be (-1)/(-5) - (-196)/c. What is the highest common factor of 80 and m?
10
Let m = -1 - -2. Let s(h) = -37*h**2 + 2*h. Let t(j) = j**2 - 1. Let p(b) = -s(b) - t(b). Let l be p(m). What is the greatest common divisor of 7 and l?
7
Suppose -5*i + 30 = y - 4*y, -4*y = -i + 23. Suppose -31 = -i*q + 50. Let x be q/2 + (-2)/4. Calculate the greatest common factor of 26 and x.
13
Let o = 7 - -41. What is the highest common factor of 32 and o?
16
Let i = 4 + -2. Suppose 2*g = 5*t - 5, -g - 5*t + 55 = 2*g. What is the greatest common divisor of i and g?
2
Suppose g - 50 - 10 = -5*w, -3*w = 6. Let z be 1/(3 - 2) - -16. Let r = -10 + z. What is the highest common factor of g and r?
7
Suppose -4*m + 632 - 128 = 0. Let w be (-16)/(-6)*(-63)/(-12). Calculate the greatest common factor of m and w.
14
Suppose 4*j - 93 = 19. What is the greatest common factor of 70 and j?
14
Let n = -7 - -18. Calculate the greatest common divisor of 55 and n.
11
Suppose 4*z = 4*d - 48 - 0, 0 = -5*z - 4*d - 33. Let j be (-165)/z + (-1)/3. Suppose 0 = -2*x + 6 + j. Calculate the greatest common divisor of 48 and x.
12
Let b(l) = -l**3 - 6*l**2 + 7*l + 8. Let n be b(-8). Let g be (-1 + -8)/((-15)/n). What is the greatest common divisor of 6 and g?
6
Suppose -l + 3*f + 8 = 28, 0 = 2*f - 8. Let i be ((-7)/(-4))/((-1)/l). Suppose 2*n = 10 + i. What is the highest common factor of n and 36?
12
Let w(x) = x - 6. Let k be w(7). Suppose 0 = -0*f + f - 11. Calculate the highest common divisor of k and f.
1
Let f = -19 - -17. Let y = 14 + f. What is the greatest common divisor of 108 and y?
12
Let s be (-3 - -4)/((-2)/(-368)). Calculate the greatest common factor of s and 23.
23
Suppose -6*j + 3*j = l - 912, -j + 304 = 2*l. What is the highest common factor of 38 and j?
38
Suppose 11 = k - 6. Calculate the highest common factor of k and 34.
17
Let f = 35 - 21. Let n = f + -3. Let c be (-484)/2*2/(-4). Calculate the highest common factor of c and n.
11
Suppose 0 = 11*b - 16*b + 950. What is the highest common factor of 19 and b?
19
Suppose -a - 5*a + 192 = 0. Calculate the greatest common divisor of 8 and a.
8
Suppose r + 5 = -5*m, 2*r + 2*m - 4*m - 2 = 0. Suppose -18 = -2*z + 3*o - r*o, -40 = -3*z - 2*o. Calculate the greatest common factor of z and 12.
12
Let w be 195/(-10)*4/(-3). Suppose 4*n + 2*f = 4*f + w, -4*f = 4*n - 8. Calculate the highest common factor of 40 and n.
5
Let p(m) be the third derivative of 3*m**2 + 0*m + 0*m**3 + 7/24*m**4 + 0. Let z be p(3). Calculate the greatest common divisor of z and 7.
7
Suppose -5*c + 177 = -b - 0*b, 0 = -c - 5*b + 25. Suppose 3*r - 38 = -17. What is the highest common factor of r and c?
7
Let w = -223 - -391. Suppose 4*k - 246 = 3*l, 3*k + 2*l - w = 8. What is the highest common divisor of k and 12?
12
Suppose 6*t = t + 60. Let j(v) = -2*v + 60. Let w be j(0). Calculate the highest common divisor of w and t.
12
Let z be 1173/85 + 2/10. What is the highest common divisor of z and 56?
14
Suppose -2*c + 3*b + 66 + 345 = 0, 406 = 2*c - 2*b. Suppose -3*h + 0*h - 2*t = -48, -9 = 3*t. Calculate the greatest common factor of h and c.
18
Suppose -4 = -2*w - 0*w. Let t be -1*(-2 + w)/(-1). Suppose -3*h - h + 4 = t. What is the highest common divisor of h and 9?
1
Let k be 2 + 2 + -4 + 3. Suppose k*b + b = 16. Suppose -2*g = 5*o + g - 59, 0 = -5*o + b*g + 73. Calculate the highest common factor of o and 117.
13
Let d = 35 + 13. What is the highest common divisor of 6 and d?
6
Let y(x) = -35*x - 1. Let f be y(-3). Suppose 32*a = 29*a + 39. Calculate the highest common factor of a and f.
13
Let x = 143 - 138. What is the greatest common divisor of 35 and x?
5
Let t(r) = -r**3 - 2*r**2 - 7*r - 3. Let v be t(-4). Calculate the greatest common factor of v and 19.
19
Let z = -5 + -44. Let g = -87 - -83. Let m = g - z. What is the highest common factor of m and 5?
5
Suppose 7*s - 4*s = 36. Suppose -2*y = 2*g - 14, 2*y = -9*g + 4*g + 38. Calculate the greatest common factor of g and s.
4
Let g = 72 + -42. Calculate the highest common divisor of 5 and g.
5
Suppose 15*h - 12*h - 225 = 0. What is the greatest common divisor of 30 and h?
15
Let d = -42 - -96. Let w = d + -21. Calculate the highest common divisor of 3 and w.
3
Suppose 0*i + 122 = l + 3*i, 5*l = 3*i + 538. Calculate the greatest common factor of 22 and l.
22
Let r = -10 + 31. Let j(t) = -13*t - 1. Let a be j(-2). Suppose 5*n - a = -10. What is the highest common factor of r and n?
3
Let g be 11/22 - 3/(-2). Calculate the highest common factor of g and 2.
2
Let m = -48 - -83. Let n be ((-10)/(-6) + -1)*12. Suppose 5*r + n = 33. Calculate the highest common factor of r and m.
5
Let a(n) = -n**3 - n**2 + 4*n + 4. Let z be a(-4). Calculate the greatest common divisor of 24 and z.
12
Let i = -6 + 9. Suppose -f + 5*z = f + 10, 17 = f + i*z. Suppose 35 = f*y - 15. What is the highest common factor of y and 2?
2
Let o(v) = v**2 + 3*v + 2. Let k be o(-3). Suppose -3*n + k = -52. Calculate the greatest common factor of 12 and n.
6
Let c be -2 + 2 + 8*5. Suppose -t - t = -8. Suppose 5*o - c = t*o. What is the greatest common divisor of 8 and o?
8
Let q = 59 + 8. Let j = q + -40. Calculate the greatest common divisor of j and 54.
27
Suppose 2*p - 4 = 2*y + y, p = -1. Let x = 0 - y. Suppose 0 = 5*a + 3*u - 75, -a - 3*u = -0 - 3. Calculate the greatest common divisor of x and a.
2
Let g be 5/(-30) - 242/(-12). What is the highest common divisor of g and 20?
20
Suppose 3593 + 517 = 5*p. Suppose 5*z - 819 = -4*a + 286, -p = -3*a + 3*z. Let m = -49 + 74. What is the highest common divisor of a and m?
25
Let y = -38 - -68. Let a(n) = 4*n**2 - 3*n + 2. Let f be a(2). What is the highest common divisor of y and f?
6
Suppose 34 = 4*o + 10. Calculate the highest common divisor of o and 2.
2
Let r = 4 - 4. Let u(a) = 4*a**2 + 4 + 4*a - 5*a + r*a**2. Let s be u(-6). What is the greatest common divisor of 14 and s?
14
Let k be 1/(-4) - (-42)/8. Suppose o - 25 = -5*z, -k*z = 3*o - 36 - 9. Calculate the greatest common factor of o and 50.
10
Let f(s) = s**2 + 2. Let k(l) = -l + 10. Let j be k(8). Let u be f(j). What is the greatest common divisor of u and 30?
6
Let r(x) = x**2 - 7*x + 2. Let c be r(7). Let g = 0 + 3. Let s = g + -1. Calculate the greatest common divisor of c and s.
2
Let d(j) be the third derivative of -j**5/60 - j**4/8 + 2*j**3/3 + 3*j**2. Let y be d(-3). Calculate the highest common factor of 44 and y.
4
Let y be (-2)/(-4)*(41 + -17). What is the greatest common factor of y and 18?
6
Suppose 0 = 2*l - 42 - 6. What is the highest common divisor of 60 and l?
12
Suppose 0 = -2*v - 4, 5*v + 84 = 5*n - 11. Calculate the highest common divisor of 153 and n.
17
Let m be 37/2 - (-3)/6. Let s = m - 10. Suppose 0 = 2*b - 0 - 2. What is the highest common factor of s and b?
1
Suppose 10*q - 3*q - 210 = 0. What is the highest common divisor of 30 and q?
30
Suppose -k = -4*d + 120, -d + 0 + 30 = 2*k. What is the highest common factor of d and 15?
15
Suppose -3*m + 2 + 25 = 0. Let k = 0 - 1. Let n = k - -2. What is the greatest common divisor of n and m?
1
Let t(z) = z**3 - 5*z**2 + 2*z + 2. Let x be t(4). Let q be ((-52)/x)/(8/12). What is the highest common divisor of 117 and q?
13
Let p = -5 + 14. What is the highest common divisor of 6 and p?
3
Let r be ((-54)/15)/3*-5. Let n be 4/r*(29 - -1). Calculate the highest common divisor of n and 50.
10
Suppose -q + p = -3, 3*q - 3 = 2*p + 4. Let w be 3 + (1 - 1 - 2). What is the highest common factor 